{"id":85,"date":"2024-06-17T20:40:24","date_gmt":"2024-06-17T18:40:24","guid":{"rendered":"https:\/\/petitesondes.fr\/?page_id=85"},"modified":"2024-06-22T15:16:32","modified_gmt":"2024-06-22T13:16:32","slug":"nos-univers","status":"publish","type":"page","link":"https:\/\/petitesondes.fr\/index.php\/nos-univers\/","title":{"rendered":"Nos univers"},"content":{"rendered":"\n<div class=\"wp-block-group is-vertical is-layout-flex wp-container-core-group-is-layout-8cf370e7 wp-block-group-is-layout-flex\">\n<div class=\"wp-block-group\"><div class=\"wp-block-group__inner-container is-layout-constrained wp-block-group-is-layout-constrained\">\n<h2 class=\"wp-block-heading\"><strong>L&rsquo;\u00c9veil du Panda Roux<\/strong><\/h2>\n\n\n\n<div class=\"wp-block-media-text has-media-on-the-right is-stacked-on-mobile\" style=\"grid-template-columns:auto 24%\"><div class=\"wp-block-media-text__content\">\n<div class=\"wp-block-group is-nowrap is-layout-flex wp-container-core-group-is-layout-ad2f72ca wp-block-group-is-layout-flex\">\n<p><strong>L&rsquo;\u00c9veil du Panda Roux<\/strong> vous invite dans la mystique Vall\u00e9e du Bambou, inspir\u00e9e des richesses de la Chine ancienne. Suivez Lanxi, le panda roux curieux, dans ses explorations des traditions et secrets des esprits anciens. Guid\u00e9 par Ming, la statue de granit gardienne du savoir, Lanxi c\u00e9l\u00e8bre la vie \u00e0 travers des festivit\u00e9s empreintes de po\u00e9sie et de philosophie tao\u00efste, dans un univers o\u00f9 chaque d\u00e9tail respire l&rsquo;harmonie avec la nature.<\/p>\n<\/div>\n<\/div><figure class=\"wp-block-media-text__media\"><img loading=\"lazy\" decoding=\"async\" width=\"1024\" height=\"1024\" src=\"https:\/\/petitesondes.fr\/wp-content\/uploads\/2024\/06\/DALL\u00b7E-2024-05-19-22.31.48-2D-drawing-style-illustration-of-Lanxi-a-red-panda-holding-a-cherry-leaf-in-his-paw-with-a-melancholic-expression.-The-scene-has-a-melancholic-joyf.webp\" alt=\"\" class=\"wp-image-105 size-full\" srcset=\"https:\/\/petitesondes.fr\/wp-content\/uploads\/2024\/06\/DALL\u00b7E-2024-05-19-22.31.48-2D-drawing-style-illustration-of-Lanxi-a-red-panda-holding-a-cherry-leaf-in-his-paw-with-a-melancholic-expression.-The-scene-has-a-melancholic-joyf.webp 1024w, https:\/\/petitesondes.fr\/wp-content\/uploads\/2024\/06\/DALL\u00b7E-2024-05-19-22.31.48-2D-drawing-style-illustration-of-Lanxi-a-red-panda-holding-a-cherry-leaf-in-his-paw-with-a-melancholic-expression.-The-scene-has-a-melancholic-joyf-300x300.webp 300w, https:\/\/petitesondes.fr\/wp-content\/uploads\/2024\/06\/DALL\u00b7E-2024-05-19-22.31.48-2D-drawing-style-illustration-of-Lanxi-a-red-panda-holding-a-cherry-leaf-in-his-paw-with-a-melancholic-expression.-The-scene-has-a-melancholic-joyf-150x150.webp 150w, https:\/\/petitesondes.fr\/wp-content\/uploads\/2024\/06\/DALL\u00b7E-2024-05-19-22.31.48-2D-drawing-style-illustration-of-Lanxi-a-red-panda-holding-a-cherry-leaf-in-his-paw-with-a-melancholic-expression.-The-scene-has-a-melancholic-joyf-768x768.webp 768w\" sizes=\"auto, (max-width: 1024px) 100vw, 1024px\" \/><\/figure><\/div>\n<\/div><\/div>\n\n\n\n<div class=\"wp-block-group\"><div class=\"wp-block-group__inner-container is-layout-constrained wp-block-group-is-layout-constrained\">\n<h2 class=\"wp-block-heading\"><strong><strong>Les Ailes de la D\u00e9couverte<\/strong><\/strong><\/h2>\n\n\n\n<div class=\"wp-block-media-text is-stacked-on-mobile\" style=\"grid-template-columns:22% auto\"><figure class=\"wp-block-media-text__media\"><img loading=\"lazy\" decoding=\"async\" width=\"1024\" height=\"1024\" src=\"https:\/\/petitesondes.fr\/wp-content\/uploads\/2024\/06\/DALL\u00b7E-2024-06-22-14.40.25-A-joyful-2D-illustration-featuring-an-albatross-proudly-posing-on-a-rock-with-its-wings-spread-displaying-silvery-plumage.-In-the-background-there-i.webp\" alt=\"Illustration joyeuse d'un albatros aux reflets argent\u00e9s posant fi\u00e8rement sur un rocher avec ses ailes d\u00e9ploy\u00e9es. En arri\u00e8re-plan, une plage douce et pastel, avec un dauphin sautant au loin.\" class=\"wp-image-108 size-full\" srcset=\"https:\/\/petitesondes.fr\/wp-content\/uploads\/2024\/06\/DALL\u00b7E-2024-06-22-14.40.25-A-joyful-2D-illustration-featuring-an-albatross-proudly-posing-on-a-rock-with-its-wings-spread-displaying-silvery-plumage.-In-the-background-there-i.webp 1024w, https:\/\/petitesondes.fr\/wp-content\/uploads\/2024\/06\/DALL\u00b7E-2024-06-22-14.40.25-A-joyful-2D-illustration-featuring-an-albatross-proudly-posing-on-a-rock-with-its-wings-spread-displaying-silvery-plumage.-In-the-background-there-i-300x300.webp 300w, https:\/\/petitesondes.fr\/wp-content\/uploads\/2024\/06\/DALL\u00b7E-2024-06-22-14.40.25-A-joyful-2D-illustration-featuring-an-albatross-proudly-posing-on-a-rock-with-its-wings-spread-displaying-silvery-plumage.-In-the-background-there-i-150x150.webp 150w, https:\/\/petitesondes.fr\/wp-content\/uploads\/2024\/06\/DALL\u00b7E-2024-06-22-14.40.25-A-joyful-2D-illustration-featuring-an-albatross-proudly-posing-on-a-rock-with-its-wings-spread-displaying-silvery-plumage.-In-the-background-there-i-768x768.webp 768w\" sizes=\"auto, (max-width: 1024px) 100vw, 1024px\" \/><\/figure><div class=\"wp-block-media-text__content\">\n<div class=\"wp-block-group is-nowrap is-layout-flex wp-container-core-group-is-layout-ad2f72ca wp-block-group-is-layout-flex\">\n<p>Explorez <strong>Les Ailes de la D\u00e9couverte<\/strong> avec Alban, l&rsquo;albatros aventureux, qui survole l&rsquo;Archipel des Aventuriers C\u00e9lestes. Chaque \u00eele d\u00e9voile une culture unique, enrichissant la vision d&rsquo;Alban gr\u00e2ce \u00e0 des rencontres color\u00e9es et des traditions diverses. Ce monde, o\u00f9 les for\u00eats luxuriantes rencontrent des plages de sable blanc, c\u00e9l\u00e8bre la diversit\u00e9 culturelle et l&rsquo;apprentissage continu \u00e0 travers les voyages.<\/p>\n<\/div>\n<\/div><\/div>\n<\/div><\/div>\n\n\n\n<div class=\"wp-block-group\"><div class=\"wp-block-group__inner-container is-layout-constrained wp-block-group-is-layout-constrained\">\n<h2 class=\"wp-block-heading\"><strong><strong><strong>Le Jardin Enchant\u00e9<\/strong><\/strong><\/strong><\/h2>\n\n\n\n<div class=\"wp-block-media-text has-media-on-the-right is-stacked-on-mobile\" style=\"grid-template-columns:auto 25%\"><div class=\"wp-block-media-text__content\">\n<div class=\"wp-block-group is-nowrap is-layout-flex wp-container-core-group-is-layout-ad2f72ca wp-block-group-is-layout-flex\">\n<p>Plongez dans <strong>Le Jardin Enchant\u00e9<\/strong>, o\u00f9 Bobi, le bourdon vaillant, travaille avec diligence pour sa colonie parmi des fleurs color\u00e9es et des arbres fruitiers. Ce jardin est un sanctuaire o\u00f9 la biodiversit\u00e9 foisonne, et chaque esp\u00e8ce, des insectes aux oiseaux, contribue \u00e0 son \u00e9quilibre dynamique. Face aux d\u00e9fis du changement climatique, Bobi et sa compagne Mimi la m\u00e9sange, unissent leurs efforts pour comprendre et s&rsquo;adapter \u00e0 leur environnement en mutation, tout en c\u00e9l\u00e9brant la beaut\u00e9 naturelle qui les entoure.<\/p>\n<\/div>\n<\/div><figure class=\"wp-block-media-text__media\"><img loading=\"lazy\" decoding=\"async\" width=\"1024\" height=\"1024\" src=\"https:\/\/petitesondes.fr\/wp-content\/uploads\/2024\/06\/DALL\u00b7E-2024-06-22-15.12.32-A-joyful-and-simplistic-2D-illustration-in-soft-pastel-colors.-A-bumblebee-is-performing-an-aerial-dance-with-its-friend-a-chickadee-with-blue-and-ye.webp\" alt=\"Une illustration 2D joyeuse et simpliste en couleurs pastel douces repr\u00e9sentant un bourdon effectuant une parade a\u00e9rienne avec son ami, une m\u00e9sange au plumage bleu et jaune, dans un jardin fleuri. Les deux personnages ont des visages l\u00e9g\u00e8rement anthropomorphes, exprimant leur bonheur et leur amiti\u00e9. L'arri\u00e8re-plan pr\u00e9sente des fleurs \u00e9panouies et un feuillage vert, mettant en avant le lien fort et l'interaction ludique entre le bourdon et la m\u00e9sange bleu et jaune.\" class=\"wp-image-110 size-full\" srcset=\"https:\/\/petitesondes.fr\/wp-content\/uploads\/2024\/06\/DALL\u00b7E-2024-06-22-15.12.32-A-joyful-and-simplistic-2D-illustration-in-soft-pastel-colors.-A-bumblebee-is-performing-an-aerial-dance-with-its-friend-a-chickadee-with-blue-and-ye.webp 1024w, https:\/\/petitesondes.fr\/wp-content\/uploads\/2024\/06\/DALL\u00b7E-2024-06-22-15.12.32-A-joyful-and-simplistic-2D-illustration-in-soft-pastel-colors.-A-bumblebee-is-performing-an-aerial-dance-with-its-friend-a-chickadee-with-blue-and-ye-300x300.webp 300w, https:\/\/petitesondes.fr\/wp-content\/uploads\/2024\/06\/DALL\u00b7E-2024-06-22-15.12.32-A-joyful-and-simplistic-2D-illustration-in-soft-pastel-colors.-A-bumblebee-is-performing-an-aerial-dance-with-its-friend-a-chickadee-with-blue-and-ye-150x150.webp 150w, https:\/\/petitesondes.fr\/wp-content\/uploads\/2024\/06\/DALL\u00b7E-2024-06-22-15.12.32-A-joyful-and-simplistic-2D-illustration-in-soft-pastel-colors.-A-bumblebee-is-performing-an-aerial-dance-with-its-friend-a-chickadee-with-blue-and-ye-768x768.webp 768w\" sizes=\"auto, (max-width: 1024px) 100vw, 1024px\" \/><\/figure><\/div>\n<\/div><\/div>\n<\/div>\n","protected":false},"excerpt":{"rendered":"<p>L&rsquo;\u00c9veil du Panda Roux L&rsquo;\u00c9veil du Panda Roux vous invite dans la mystique Vall\u00e9e du Bambou, inspir\u00e9e des richesses de la Chine ancienne. Suivez Lanxi, le panda roux curieux, dans ses explorations des traditions et secrets des esprits anciens. Guid\u00e9 par Ming, la statue de granit gardienne du savoir, Lanxi c\u00e9l\u00e8bre la vie \u00e0 travers&#8230;<\/p>\n","protected":false},"author":1,"featured_media":0,"parent":0,"menu_order":0,"comment_status":"closed","ping_status":"closed","template":"","meta":{"_kad_post_transparent":"","_kad_post_title":"","_kad_post_layout":"","_kad_post_sidebar_id":"","_kad_post_content_style":"","_kad_post_vertical_padding":"","_kad_post_feature":"","_kad_post_feature_position":"","_kad_post_header":false,"_kad_post_footer":false,"footnotes":""},"class_list":["post-85","page","type-page","status-publish","hentry"],"_links":{"self":[{"href":"https:\/\/petitesondes.fr\/index.php\/wp-json\/wp\/v2\/pages\/85","targetHints":{"allow":["GET"]}}],"collection":[{"href":"https:\/\/petitesondes.fr\/index.php\/wp-json\/wp\/v2\/pages"}],"about":[{"href":"https:\/\/petitesondes.fr\/index.php\/wp-json\/wp\/v2\/types\/page"}],"author":[{"embeddable":true,"href":"https:\/\/petitesondes.fr\/index.php\/wp-json\/wp\/v2\/users\/1"}],"replies":[{"embeddable":true,"href":"https:\/\/petitesondes.fr\/index.php\/wp-json\/wp\/v2\/comments?post=85"}],"version-history":[{"count":3,"href":"https:\/\/petitesondes.fr\/index.php\/wp-json\/wp\/v2\/pages\/85\/revisions"}],"predecessor-version":[{"id":111,"href":"https:\/\/petitesondes.fr\/index.php\/wp-json\/wp\/v2\/pages\/85\/revisions\/111"}],"wp:attachment":[{"href":"https:\/\/petitesondes.fr\/index.php\/wp-json\/wp\/v2\/media?parent=85"}],"curies":[{"name":"wp","href":"https:\/\/api.w.org\/{rel}","templated":true}]}}